-b**3 - 16*b**2 - b - 14. Let r be y(-16). Suppose -2 + 10 = r*s, -4*s + 104 = 4*q. Let l = q + -6. List the prime factors of l.
2
Suppose -21 - 747 = -8*s. List the prime factors of s/(-20)*(-5)/2.
2, 3
Let c = -7 - -9. Suppose -c*s = 2*z - 54, -4*s + 22 = -3*s - 4*z. Let g = s - 8. What are the prime factors of g?
2, 3
Suppose 3*j + 5*t - 13842 = 0, 2*j - 9228 = t - 2*t. List the prime factors of j.
2, 3, 769
Let r(g) = 22*g**2 - g. Suppose -5*n + 1 = -4*n. List the prime factors of r(n).
3, 7
Suppose 5*b - 2599 = 8501. Suppose b = 8*l - 13*l. List the prime factors of (l/(-30))/((-2)/(-10)).
2, 37
Let o be 5 - 1 - -4*13. Suppose -3*c = 5*u - 48, 5*c - 12 + o = 2*u. What are the prime factors of u?
2, 3
Suppose -1911 = -4*h + 3*j, 6*h + 2*j - 2268 - 618 = 0. List the prime factors of h.
2, 3, 5
Let k(y) = -45*y + 67. List the prime factors of k(-8).
7, 61
Suppose -634 = 2*x - 1830. Suppose 9*p = x + 608. What are the prime factors of p?
2, 67
Suppose 0 = -4*f - 6*f + 10800. What are the prime factors of f?
2, 3, 5
Let m = 1 + 3. Let n be 388/44 - m/(-22). Suppose 25 = 2*b - n. What are the prime factors of b?
17
Let y = 508 - 229. What are the prime factors of y?
3, 31
Let p(l) = -5*l**2 + 3*l + 1. Let h be p(3). Let c = h - -94. Suppose -3*i + c - 2 = 0. List the prime factors of i.
19
Let i(x) = -x**2 + 14*x + 3. Suppose -3*p = 4*g - 27, 45 = 3*p - 2*g - 0*g. What are the prime factors of i(p)?
2
Let y = 131 - -165. What are the prime factors of y?
2, 37
Let f(k) = 39*k**2 - 17*k - 178. What are the prime factors of f(-8)?
2, 3, 409
Let p(q) = 55*q - 141. What are the prime factors of p(4)?
79
Let y = 43 - 41. Suppose y*j + 0*j + p = 172, -4*j + 5*p = -316. What are the prime factors of j?
2, 3, 7
Suppose -s = -2*s. Let o = 6 - -24. Suppose s*c - 3*c = -o. What are the prime factors of c?
2, 5
Suppose -671*n = -674*n + 3816. List the prime factors of n.
2, 3, 53
Suppose 4*k = 4*y - 30 + 6, -2*y = -3*k - 9. Suppose 9 = 12*s - y*s. Suppose s = r - 6. List the prime factors of r.
3
Suppose -6*n + 2*n + u = -12, 0 = 5*n + 3*u - 15. Suppose -4*a - 237 = -n*t + 74, -3*t + 2*a + 313 = 0. List the prime factors of t.
3, 5, 7
Suppose 54662 = 14*u + 384. What are the prime factors of u?
3877
Let o be (-3 - -2)*(-20 + 0). What are the prime factors of (-15)/(-25) - (-1768)/o?
89
Let n = 1017 - 659. List the prime factors of n.
2, 179
Let a = 1502 + -705. What are the prime factors of a?
797
Let m be 2/(-2)*(-11 - -13). Let q be m/(-3) - (-152)/6. Let f = 1 + q. What are the prime factors of f?
3
Suppose -v - 79*o + 18 = -76*o, 2*o + 21 = 3*v. Let i = 1 + 3. List the prime factors of (-24)/v*(-81)/i.
2, 3
Suppose -5*a - 112 = -a + 2*y, -y + 48 = -2*a. Let u = 4 - a. What are the prime factors of u?
2, 3, 5
Suppose 3*v - 3*o = -15, 2*v + 0*v - 11 = -5*o. Let g be 6 + v + 3 + -3. Suppose 1 - 4 = 3*z - g*w, -5*w + 9 = -2*z. List the prime factors of z.
3
Suppose 5*j + 25 = 0, 5*v + 3*j - 3 = 17. Let s = v + 5. What are the prime factors of s?
2, 3
Suppose 1 = -8*s + 17. Suppose 4*u = s*u - 2*l + 242, 0 = -5*u - 3*l + 595. List the prime factors of u.
2, 29
Suppose -b - b = -2. Let l be 113*(2 + -1)*b. Let t = l + -76. What are the prime factors of t?
37
What are the prime factors of (52/(-78) - 391/3)*-3?
3, 131
Let g = 29 + -25. Suppose 28 = 5*w - g*w. List the prime factors of w.
2, 7
Suppose -3*r - 3*o = -4*o + 15, 4*r = -3*o - 20. List the prime factors of r/(-5)*(-73)/(-1).
73
Suppose 5*h + 4*f - 2682 = 7*f, 4*f = 4. What are the prime factors of h?
3, 179
Suppose -3*g - 2*i = -2*g - 105, -2*i + 438 = 4*g. What are the prime factors of g?
3, 37
What are the prime factors of 120/45*((-5 - -3) + 284)?
2, 47
Let w = 68 + -65. Suppose -7*y - w*v - 229 = -8*y, -5*y = 5*v - 1165. What are the prime factors of y?
2, 29
Let v(d) = -d**3 + 11*d**2 + d - 9. Let i be v(11). Suppose i*b = b + 24. Suppose 0 = 2*w - b - 36. List the prime factors of w.
2, 3, 5
Suppose -5*h + 67 = -2*f, 45 = 3*h + 2*f - 8. Suppose -5*o = -2*o - h. Suppose -t + 34 = -4*b, o*b = -t - 6 - 5. What are the prime factors of t?
2, 7
Let m(y) = -2*y - 10. Let p be m(5). Let q be (9/(-12))/(5/p). Suppose 3 = -q*x + 90. List the prime factors of x.
29
List the prime factors of (252 - 11) + (1 - 0)*2.
3
Suppose -2*t + 5*j + 9 = 25, -2*j + 10 = t. Suppose -6 = -4*f + t*f. List the prime factors of 1/f - 176/(-12).
3, 5
Suppose -s + 5*b = -60, s + 0*b = -4*b + 33. Let g = -24 + s. What are the prime factors of g?
3, 7
Suppose -t + 372 = -3*f, t + 744 = 3*t + f. What are the prime factors of t?
2, 3, 31
Let c = -441 - -617. What are the prime factors of c?
2, 11
Let j(m) = m - 17. Let a be j(20). Let h(z) = z**2 - 5*z + 6. Let o(r) = -1. Let x(f) = -h(f) - 4*o(f). What are the prime factors of x(a)?
2
Let w be 18/27 - (-274)/(-6). Let a = -108 - -183. Let n = w + a. List the prime factors of n.
2, 3, 5
Suppose l - 29 = 86. Let q = 134 + -58. Let a = l - q. What are the prime factors of a?
3, 13
Suppose -124 = -4*d + 2*h, 0 = 2*d - d + h - 28. Let i = d + -17. What are the prime factors of i?
13
Let u(x) = 2*x**3 - 14*x**2 - 12*x - 79. List the prime factors of u(11).
757
Suppose 2*q - 8 = l, 0*q = 4*l + q - 13. Let f(a) = 6*a**2 + 9*a + a**l + a**3 + 0*a + 4*a**2 - 3. What are the prime factors of f(-10)?
7
Suppose -31 = -4*a - 19. List the prime factors of 62/a + 4/12.
3, 7
Suppose 3*w + 68 + 112 = 0. What are the prime factors of (-3 + -1)*w/48?
5
Let q be -15*1/(-1) + 0. Suppose 2*a - q = 15. List the prime factors of 15*1 - a/5.
2, 3
Suppose -10982 = -11*l - 6*l. What are the prime factors of l?
2, 17, 19
Suppose 60 = -4*j + 4*p, 0*p = -2*j - p - 21. Let z = -12 - j. Suppose 33 = -z*c + c. What are the prime factors of c?
3, 11
Suppose 2*y = 0, -5*j + 6*j - 5*y - 202 = 0. What are the prime factors of j?
2, 101
Let c(o) = o**2 - 6*o + 4. Let y be c(5). Let d = y + 11. What are the prime factors of 690/25 - 6/d?
3
Suppose 0*q = -4*q + 3*i + 332, -2*i - 8 = 0. What are the prime factors of q?
2, 5
Suppose -m + 17*t - 19*t + 691 = 0, 2*m - 1414 = 4*t. What are the prime factors of m?
3, 233
Let z = -8 - -15. Let k(x) = x**2 + 3*x + 2. List the prime factors of k(z).
2, 3
Let b = 8054 - 4862. What are the prime factors of b?
2, 3, 7, 19
Let r(j) = j**3 + 4*j**2 - 6*j + 4. Let l be r(-5). Suppose l*b = 12*b + 3. What are the prime factors of b/(-1 + 0) - -12?
13
Let r(m) = m - 2. Let d be r(6). Suppose -d*q = -51 - 777. List the prime factors of q.
3, 23
Let o(j) = -j**2 - 8*j - 9. Let w be o(-6). Suppose 4*g + w*r = -2*r + 1206, -r - 914 = -3*g. What are the prime factors of 2/(-10) - g/(-20)?
3, 5
Suppose 89*w = 94*w - 890. List the prime factors of w/5 - (-6)/(-10).
5, 7
Let i = 11 + -19. Let s = i + -10. What are the prime factors of 4/s + 614/9?
2, 17
Let b = 108 + 562. List the prime factors of b.
2, 5, 67
Let r(j) = 9*j + 1. Let l(y) = y**3 - 5*y**2 + 4*y - 1. Let z be l(4). Let u = 5 + z. List the prime factors of r(u).
37
Let w(q) = -17*q**2 - 10*q - 29. Let p(k) = -11*k**2 - 7*k - 19. Let j(l) = 7*p(l) - 5*w(l). What are the prime factors of j(-5)?
3, 23
Suppose -9*t - 2709 = -711. Let l = 408 + t. List the prime factors of l.
2, 3, 31
Let s = 22 + -72. Let y = -473 + 369. Let t = s - y. List the prime factors of t.
2, 3
Let u = -28 + 18. List the prime factors of 196/6*(-15)/u.
7
List the prime factors of 12/(-3) + (2434 - 61).
23, 103
Let j be 36/(-8)*(-2)/3. Let c be (j/(-2))/(2/60). What are the prime factors of (594/c)/(2/(-10))?
2, 3, 11
Suppose 958 + 3292 = 10*t. Suppose w - 4 = -0*w. Suppose 5*a + w*o - t = 0, -5*o + 10 = -15. List the prime factors of a.
3
Let j(g) be the first derivative of g**3/3 + g**2/2 + 5*g - 66. Suppose -2*q - 6 - 4 = 0. List the prime factors of j(q).
5
Suppose 67 = -5*s + 77. Let o = 5 - 3. Suppose 5*m = o*y + 69 + 77, -s*y = 6. What are the prime factors of m?
2, 7
Suppose -184 - 700 = 4*y. List the prime factors of 1/2 + y/(-34).
7
Let m = -1051 + 1830. List the prime factors of m.
19, 41
Let c(i) = -i - 7. Let h(a) = -a - 5. Let j be h(5). Let p be c(j). Suppose p = b, -r - b = -3*r + 3. List the prime factors of r.
3
Suppose 2*g = 2*z - 2*g - 4172, 4*g - 4196 = -2*z. Suppose -426 = -2*t + o + 623, -4*o = -4*t + z. Suppose t = 6*w + 202. List 